3). Let x = n - -7. What is the highest common factor of x and 4?
4
Let n = -7 + 12. Suppose -n*i - 2*r + 70 = 19, 18 = 3*i - 3*r. What is the highest common divisor of i and 9?
9
Let c = 111 - 78. What is the highest common factor of 3 and c?
3
Let a = 9 - 4. Suppose -a*n = s - 14, 4*s - s + 3*n - 90 = 0. Calculate the highest common divisor of s and 85.
17
Let s be (1 + -2 + 66)*1. Let g be (6/(-9))/((-3)/117). What is the highest common factor of g and s?
13
Let b be ((-7)/2)/(12/(-264)). What is the greatest common factor of 11 and b?
11
Suppose 3*g + 4*b = 4*g - 8, -12 = -3*b. Let s be 2*1*12/3. Calculate the highest common factor of s and g.
8
Let u(m) = 3*m + 7. Let g be u(5). Let k be (-8)/12 - (-334)/6. Calculate the highest common divisor of k and g.
11
Let v be (-63 - -3)*(-1)/2. Calculate the greatest common factor of v and 10.
10
Let g be (-12)/(-18) + (-49)/(-3). Let j be (-1 + -5)/(4/(-34)). Calculate the greatest common divisor of j and g.
17
Let h be (-2 + 2)*1*1. Suppose -4*b = -h*b - 68. What is the highest common divisor of 119 and b?
17
Suppose 0*f + 3*f - 24 = 0. Let k be (12/(-14))/((-5)/420). What is the greatest common factor of f and k?
8
Suppose -3*y - y = -144. What is the greatest common divisor of y and 9?
9
Suppose -18 = -13*n + 11*n. What is the highest common factor of n and 63?
9
Let z(i) = -6*i**3 - 9*i**2 + 4*i - 11. Let x(d) = d**3 - d + 1. Let p(n) = 5*x(n) + z(n). Let u be p(-9). What is the highest common factor of 21 and u?
3
Suppose -4 - 6 = -o. What is the greatest common divisor of 30 and o?
10
Suppose -2*h + 10 = -24. What is the greatest common factor of h and 187?
17
Let z(k) = k + 36. Let l be z(0). Let d(r) = -r - 2. Let x(s) = -7*s**2 - s. Let o be x(-1). Let u be d(o). What is the greatest common factor of u and l?
4
Suppose -3*n - 4*c = -2*c - 8, -2*n - 3*c + 12 = 0. Suppose -4*u + 3*z + 268 = 0, n = 3*u + 4*z - 242 + 16. Calculate the greatest common divisor of 10 and u.
10
Suppose 4*u - 3*u - 42 = 0. What is the greatest common factor of u and 126?
42
Let r(k) = 2*k**2. Let z be r(1). Calculate the greatest common factor of z and 16.
2
Suppose 0*z + 2*z - 46 = 2*x, -z + 28 = -2*x. What is the greatest common factor of z and 12?
6
Suppose 5*f - 18 = 32. Calculate the highest common divisor of 80 and f.
10
Suppose -3*r + 16 = r - 5*o, 5*o = 0. Let q = 5 - 3. Let s be (q/8)/(1/r). What is the highest common divisor of s and 7?
1
Let v be (-761)/(-2) + (-9)/18. Suppose 5*l - 4*k - v = -0*k, -298 = -4*l + 2*k. Let j be (l/10)/((-1)/(-15)). What is the highest common factor of 12 and j?
12
Suppose 0*f + 2*f - 482 = -5*l, -l = 4*f - 100. What is the highest common factor of 64 and l?
32
Suppose 2*a = -2*a + 232. Suppose 2*v = 70 + 94. Let z = v - a. What is the greatest common divisor of 16 and z?
8
Let x(o) = -o**2. Let v be x(0). Suppose -c - 3*c + 528 = v. Calculate the highest common factor of 12 and c.
12
Let h(c) be the first derivative of -c**4 - 2*c**3/3 + c**2/2 - 2*c + 1. Let j be h(-2). What is the highest common factor of j and 50?
10
Suppose -492 = -22*d + 520. What is the highest common factor of 23 and d?
23
Let q(j) = -j**3 - 4*j**2 - 5*j - 6. Let b be q(-4). What is the greatest common divisor of 7 and b?
7
Let k be (-3)/(6/(-514)) + 3. What is the highest common divisor of 26 and k?
26
Let y(v) = -v + 15. Let k be y(9). What is the greatest common factor of 30 and k?
6
Suppose -5*z = 5*q - 5, -4*z - 2*q - 1 = q. Let v = 8 + z. Suppose 5*x - c = -0*x + 40, -v*x + c = -32. What is the greatest common divisor of x and 64?
8
Let t = 123 + -11. Calculate the highest common factor of t and 7.
7
Let g be (-172)/(-8) - (-1)/(-2). Suppose -g - 19 = -4*i. What is the highest common divisor of 4 and i?
2
Suppose v = 2*i + 359, 3*i + 168 = v - 192. Calculate the greatest common divisor of v and 21.
21
Let f(w) = 5*w**2 + 5*w + 6. Let k be f(-4). Let m = 94 + 632. Suppose 5*h + k = m. What is the highest common factor of 12 and h?
12
Suppose -2*o + 20 + 178 = 0. Calculate the greatest common factor of 11 and o.
11
Suppose 4*p - 3 = -t + 22, -4*p + 5*t + 43 = 0. Let u be 12*p - 1/(-1). What is the highest common factor of u and 17?
17
Let s be (-1 + (-3 - -3))/(-1). What is the highest common factor of 3 and s?
1
Suppose 4*g - 360 = 4*d, -g = 5*d - d - 65. Let u(w) = 16*w + 1. Let k be u(1). Calculate the greatest common factor of k and g.
17
Suppose 3*l + 43 = 2*a, 3*l - 14 = -a + 2*l. Suppose 0 = 3*o - 509 - 1. What is the greatest common divisor of o and a?
17
Let u(c) = 3*c - 10. Let m be u(4). Suppose 0 = -k + 2, -j = -6*j - m*k + 34. Calculate the greatest common divisor of 2 and j.
2
Let g = -11 + 15. Suppose -128 = -g*a + 2*a. Calculate the highest common divisor of a and 8.
8
Suppose 2*j - 41 = -3*a, -5*j + 2*j = a - 9. What is the greatest common divisor of 15 and a?
15
Suppose 0 = 10*g - 2235 + 715. Calculate the greatest common factor of 19 and g.
19
Suppose -2*r = -6*r + 420. Let o = -46 - -88. What is the highest common divisor of o and r?
21
Let g = -8 - -14. Let h be g/(-2) + 188/4. Calculate the highest common divisor of 4 and h.
4
Let p(t) = -t**2 + 3*t. Let r(h) = h - 1. Let q(j) = -p(j) + 2*r(j). Let v be q(-4). What is the highest common divisor of v and 6?
6
Let b(l) = 16*l - 11. Let k be b(10). Let r = k + -41. Let a be (-2)/9 - 110/(-9). What is the highest common divisor of a and r?
12
Let s be (-30)/(-165) - 2770/(-11). What is the highest common factor of 36 and s?
36
Let t(j) = 27*j - 9. Let b be t(2). Suppose 3*g = -g + 20, -2*v + 2*g = 0. Calculate the greatest common divisor of v and b.
5
Suppose -3*x + 108 = -5*w, w - 146 = -5*x - 2*w. Calculate the highest common factor of 341 and x.
31
Let v be (-86)/(-3) + (-2)/3. Suppose 2*q = -5*o + 14, q - 2*q = -4*o + 19. What is the greatest common factor of o and v?
4
Let f be 1/4 + (-18)/8. Let o(b) = 0*b**2 + 3*b + 2 + b - 4*b**3 - b**2 - b. Let w be o(f). What is the greatest common factor of 12 and w?
12
Suppose 0 = 4*n + 3*q - 2 - 16, -2*n - 2*q = -8. What is the highest common factor of n and 8?
2
Let j = 1 + 6. Calculate the highest common factor of 49 and j.
7
Let v be 15/2*6/5. Calculate the greatest common factor of v and 63.
9
Let q = 16 + -11. Suppose -5*v + 65 = -q*t, -4*v - t + 45 = -2. Let n be 9 + ((-6)/(-3))/(-2). What is the highest common factor of v and n?
4
Let k(i) = 3*i**2 + 3*i. Let m be (-2)/9 - (-32)/(-18). Let n = -5 - m. Let l be k(n). What is the greatest common divisor of 6 and l?
6
Suppose -504 = 3*l - 11*l. Let a = 49 + -28. Calculate the highest common divisor of a and l.
21
Let i = -12 + 32. Calculate the highest common divisor of 10 and i.
10
Let h = 15 - 0. Let p be 3/(2/2) - -2. What is the greatest common factor of p and h?
5
Suppose 0 = -2*c + h + 53 + 8, -5*c = -5*h - 165. What is the greatest common divisor of 2 and c?
2
Suppose 3*u - 3 + 0 = 0. Let j be (-1)/2*-22*2. Suppose -5*d + j + 6 = m, 0 = -3*d + 5*m. What is the highest common factor of d and u?
1
Let s = 9 - 27. Let c = -15 - s. What is the greatest common divisor of c and 12?
3
Let f = -23 + 45. What is the greatest common factor of 44 and f?
22
Suppose 3 = 9*s - 33. Let k(i) = i**2 - 1. Let r be k(3). Calculate the highest common factor of r and s.
4
Let r = 10 + -9. Let s(a) = 13*a**3 + 1. Let k be s(r). Calculate the highest common divisor of 14 and k.
14
Suppose 2*o + 51 = -o. Suppose 7*p - 150 = 2*p. Let d = p + o. What is the greatest common factor of 65 and d?
13
Let i = -13 - -18. Let k = -8 + 8. Let b be (5 - k)*(0 + 1). Calculate the greatest common divisor of b and i.
5
Suppose -12*q + 60 = -11*q. What is the greatest common factor of 15 and q?
15
Let i(l) be the third derivative of l**6/120 + l**5/12 + l**3/6 - 2*l**2. Let j be i(-5). Let r be 2*(j/2 + 0). What is the greatest common factor of r and 1?
1
Suppose -22 - 2 = 4*m. Let q = m - -7. Let h be ((-63)/(-14))/(q/2). Calculate the greatest common factor of 63 and h.
9
Suppose 8 = 4*h - c, 2*c = -2*h - 3*c - 18. Calculate the greatest common divisor of 7 and h.
1
Suppose 6*z - 205 = -31. Suppose -4*r + 2*r = -c - 33, 0 = r + 2*c - z. What is the highest common factor of r and 57?
19
Let m be ((-16)/(-14))/(2/7). Calculate the highest common factor 